2 + 3*f + 4. Let b be a(0). Suppose -4*l + 4830 = 2*w - 14072, b*l + w = 18905. Is l composite?
True
Suppose -5*a + 170415 = 2*u, -5*u + 426030 = 41*a - 36*a. Is u a prime number?
False
Suppose 1236419 = 90*x - 27271. Is x a prime number?
False
Let m(g) = 2350*g**2 + 160*g - 571. Is m(40) a prime number?
True
Let d(i) = 323*i**2 - 588*i + 14. Is d(-15) a prime number?
True
Suppose 14*z - 11*z = -30. Let r be (-5)/3*36/z. Suppose -r*s + 822 + 1134 = 0. Is s a prime number?
False
Let s(w) = 279*w**2 - 8*w + 6. Let y be s(1). Let p = -56 - -32. Let x = y + p. Is x composite?
True
Suppose 0 = -z + 3*k - 6*k + 5194, 4*k = -4*z + 20808. Let a = 9069 - z. Is a composite?
False
Let n be 10/(-15)*3 - -7. Suppose f = n*v + 4637, -3*v + 3 + 6 = 0. Is (-2 + 1)*4/((-16)/f) prime?
True
Let p = 2341808 + -1332417. Is p a composite number?
True
Let b(m) = -63*m**3 + 10*m**2 + 11*m - 17. Let k be (-651)/133 - (-1)/(-19)*2. Is b(k) a composite number?
False
Let p = -17001 + 6088. Let g = 15772 + p. Is g composite?
True
Let v(k) be the second derivative of 13*k**4/12 - 17*k**3/3 + 38*k**2 - 24*k - 1. Is v(21) prime?
False
Let w = -2059 + 1270. Is (-4 - 22/(-6))*w prime?
True
Suppose 7*m - 2*m - 859598 = 159617. Is m a prime number?
True
Let s(r) = 4*r**2 + r - 3. Let z be s(2). Suppose 10*t = z*t - 25285. Is t a prime number?
False
Suppose -4*m - 515 + 676472 = -1297775. Is m a composite number?
False
Let r be 3518/(((-10)/(-105))/(1/7)). Suppose 6*w - 9*w = -r. Is w a composite number?
False
Let r be (-12 - 0)/(-2) + 73532. Let k = r + -51109. Is k prime?
False
Suppose 2*y = 5*n - 3*y + 70, -4*n - 21 = 3*y. Let m be 12/27*4 + (-2)/n. Is 3 + 4/m*1369 a composite number?
False
Suppose 12*q = 115 - 307. Let f(k) = -13*k**3 - 11*k**2 + 4*k + 81. Is f(q) a prime number?
False
Is 4 + (3 + -199453)/(-10) composite?
False
Suppose g = -2*n + 4166 + 6286, 5*n - 26127 = -4*g. Is n a composite number?
False
Let p be ((-3)/5)/(19/(-95)). Is 6995/((1 + p)/12*3) prime?
False
Let o(z) = -5*z**3 - 19*z**2 - 10*z - 165. Is o(-10) prime?
False
Let x(t) = 1234*t**2 - 21*t + 76. Let u be x(5). Is 0 + u + (-12)/(-6) - 6 a composite number?
False
Let t(r) = -3*r**3 - 6*r**2 - r + 1. Let a = 66 + 49. Suppose -a*y + 111*y - 28 = 0. Is t(y) prime?
True
Suppose 9*g - 4*g + 3*j = 1761, -j + 2 = 0. Suppose 353*m - g*m - 16106 = 0. Is m prime?
True
Let x(j) = -16654*j - 3587. Is x(-19) a prime number?
True
Let z(b) = 25*b**2 - 221*b - 405. Is z(67) a composite number?
True
Let d = 10130 + -4123. Is d a prime number?
True
Suppose 0 = 4*f + 5*a - 123731, 5*f - 215431 = 4*a - 60798. Let o = -20148 + f. Is o a prime number?
True
Let d be 2/6 + (514969/(-39) - -1). Let p = -7474 - d. Is p prime?
False
Suppose 27*n - 81*n - 35*n + 1541213 = 0. Is n a composite number?
False
Let d = 189002 + -112248. Is d a composite number?
True
Suppose 100*m - 1711507 = 13138593. Is m a composite number?
False
Let m(n) = -n**3 + 13*n**2 - 16*n - 6. Let b be m(8). Let u = 2765 - b. Is u a prime number?
True
Suppose 26 = -2*w + 7*w - 2*r, -5*w - 5*r + 5 = 0. Suppose -4*d - 15183 = -3*u, u = -w*d + 7*d + 5066. Is u composite?
True
Let s = -20 - -35. Suppose -3*f - s = -w - 0*f, 0 = -4*w + f + 16. Suppose -l = -a - 674, w*l - 1198 - 804 = -a. Is l a prime number?
False
Let i be (-4)/(-8) + (-3778)/4. Let g(c) = 1664*c - 79. Let l be g(1). Let q = l + i. Is q a composite number?
False
Let z(o) = -3128*o**3 + 13*o**2 + 38*o - 21. Is z(-4) composite?
False
Suppose -2*f = -144696 - 104566. Is f prime?
False
Let t = -971 - -2484. Let c be t + -1 + (-21)/(-7). Suppose 0*z = 3*z - 3*q - c, 3*z + q = 1531. Is z prime?
True
Is -6 + 0 + (-345)/(-207)*(-423321)/(-5) a prime number?
True
Let t = -17286 + 29947. Is t a prime number?
False
Suppose 0 = 17*d - 19576562 - 10973271. Is d a composite number?
False
Let p(l) = -l**2 + 2*l + 30. Let j be p(6). Is ((-46250)/j - -3)*6/(-4) a composite number?
True
Suppose -5*k + 596919 = -h, -23*h + 22*h = -2*k + 238770. Is k composite?
True
Suppose -20*l = -9*l - 5*l. Let x(g) = 3*g**2 - 3*g + 1315. Is x(l) a prime number?
False
Let a(m) = -69622*m - 5834. Is a(-6) composite?
True
Let c be (9/4)/((-12)/(-75248)). Suppose -89*v + c = -86*v. Is v a prime number?
True
Let v(m) = -3*m + 48. Let g be v(16). Suppose 64367 = 4*z - 5*n, g*n - 3*n = -5*z + 80475. Suppose 4*a + 2*a - z = 0. Is a composite?
False
Let y = -144864 - -204023. Is y a prime number?
True
Let j(t) = 6*t**2 + 42*t + 229. Let h be j(-38). Suppose 2*m - 5*u - h = -2*u, -5*m + 18200 = u. Is m prime?
False
Let b(z) = -2*z + 13. Let g be b(2). Suppose -g*d = -d - 50824. Is d a composite number?
False
Let m(a) be the third derivative of 817*a**4/24 - 8*a**3/3 - 10*a**2. Is m(2) a composite number?
True
Suppose 0 = -r + 2*f + 499857, 2*f - 353715 = 2*r - 1353413. Is r prime?
False
Let w = 828802 + -455971. Is w a prime number?
False
Is (358/6)/(-37 - 2288840/(-61860)) a prime number?
False
Suppose 5*v - 5*m - 157315 = 0, -3*v - 2*m + 46443 + 47971 = 0. Suppose -17*o = -13*o - v. Is o a composite number?
False
Let l be 8/2 - (-9 - (11 - -5487)). Suppose -2*a + 11*v - 13*v = -2748, 4*a = -v + l. Is a composite?
True
Suppose 413*q = 415*q + a - 2047883, -4*a = 4*q - 4095768. Is q a composite number?
False
Suppose -22*m + 15*m + 7 = 0. Is m - 1 - (-8082 + -19) a prime number?
True
Let q(k) = -3*k - 5*k + 25 + 6*k. Let b be q(10). Suppose 4*v - 7555 = -b*w, -5*v + 4*w = w - 9490. Is v prime?
False
Let m(k) = -k**3 - 25*k**2 - 4*k - 47. Let s(w) = -w**3 + 18*w**2 + w - 43. Let u be s(18). Is m(u) prime?
True
Suppose 2*j + r = -3*r + 46, 0 = 4*j - 5*r - 105. Let y = -18 + j. Let q(p) = 46*p + 49. Is q(y) a prime number?
False
Suppose -86*j = -141*j + 9905555. Is j prime?
False
Let c(h) be the first derivative of 254*h**3/3 + 6*h**2 - 89*h - 232. Is c(6) a prime number?
True
Suppose -297*v + 3330640 = -20894317 + 2446838. Is v composite?
False
Suppose 2*x - 378 = 9*x. Let o = x + 57. Suppose -7*r + o*r + 596 = 0. Is r a prime number?
True
Suppose 93*g - 964805 = -5*f + 89*g, -771875 = -4*f + 3*g. Is f a prime number?
False
Let b = 2704 + 336. Let m = b + -1049. Is m a composite number?
True
Suppose -76*q = -56*q - 42440. Let r = -8 + 16. Suppose -q = 6*j - r*j. Is j a prime number?
True
Suppose -4*k - 54 = 82. Let t(d) = -131*d + 105. Is t(k) a composite number?
True
Is 70666 + 2/(-4)*(26 + -8) composite?
False
Let s = -620 - -707. Suppose 102*a = s*a + 49695. Is a prime?
True
Suppose 0 = 3*z - 4*f - 95597, 133*z = 134*z + 3*f - 31844. Is z a composite number?
False
Let y be (-1)/2*(-4 + 5*6). Let j(b) = -b**2 - 11*b + 27. Let a be j(y). Is -1 + (a*-3756)/(-4) - -3 prime?
True
Suppose 8*v + 7*v = 0. Suppose -w + 1150 = -v*w. Let l = w + -413. Is l composite?
True
Let p(x) = -2*x**3 - 255*x**2 - 506*x - 139. Is p(-128) prime?
True
Suppose 0 = 14*c - 415291 - 1481002 - 35609. Is c prime?
True
Let s(t) = 7*t**2 - 38*t + 230. Is s(27) a prime number?
False
Let y be -2*416/22 - 4/22. Let j = 35 + y. Is ((-12260)/30)/(2/j) composite?
False
Let o(l) = -2*l**2 + l + 1914. Let t = -135 + 135. Let h be o(t). Suppose 3*m = 9*m - h. Is m prime?
False
Suppose 0 = -15*k - 22*k + 33*k + 2203276. Is k a prime number?
False
Let t be (2 + -1 + 5)*5/10. Is ((-1)/t)/(-1) - 195020/(-21) a prime number?
False
Let q = -5360 - -67531. Is q prime?
True
Let t(u) = u**2 + 5*u + 5. Let x be t(-5). Suppose 14*f = -270 + 312. Suppose -x*j - 2*b + 4725 = -7*b, 2831 = f*j - 5*b. Is j a prime number?
True
Suppose -132 = -4*u + u. Let d = u - 40. Suppose -3*r = -d*r + 553. Is r a composite number?
True
Suppose -c - 3016074 = -7*b - 5*c, 15 = 5*c. Suppose 0 = -23*h + 13057 + b. Is h a composite number?
False
Suppose 2*f = 2*x - 8, f + f + 5*x + 1 = 0. Let k be (1133*(f - -4))/1. Suppose -4069 = -4*d - k. Is d composite?
True
Is (-634 - -1)*(280/(-21) - -1) a prime number?
False
Let j = 204 - 212. Is (-10)/j + 11319/4 a prime number?
False
Suppose -3*n + 2*s + 59 = 0, -8*n - 56 = -11*n - s. Suppose 3*k - n = -25, -1524 = -2*f - 5*k. Is f composite?
True
Suppose 0 = 464*j - 1599868669 + 600858573. Is j a composite number?
True
Let x = 255042 - 126001. Is x composite?
True
Suppose -6*y - 166 = 4*k - 3*y, 5*y = k + 30. Is 4/(-1*k/395950) composite?
True
Let u = 39 - 63. I